umber?
False
Is 3455 composite?
True
Is 21851 composite?
False
Is 4667 a composite number?
True
Is 164953 a composite number?
False
Is 314399 a prime number?
True
Is 84031 prime?
False
Is 87569 composite?
True
Is 14349 prime?
False
Is 1049 composite?
False
Is 1229579 composite?
True
Is 153097 composite?
True
Is 470773 a prime number?
False
Is 12295 a prime number?
False
Is 6998 a composite number?
True
Is 63977 composite?
False
Is 12877 composite?
True
Is 1097 prime?
True
Is 231683 a composite number?
True
Is 14717 prime?
True
Is 5077 a prime number?
True
Is 148069 a composite number?
True
Is 12323 composite?
False
Is 21309 a composite number?
True
Is 2021617 composite?
True
Is 184597 a composite number?
True
Is 65621 a prime number?
False
Is 42299 a prime number?
True
Is 365743 a composite number?
True
Is 43427 a prime number?
True
Is 89891 a composite number?
False
Is 352991 prime?
True
Is 7639 prime?
True
Is 151223 composite?
True
Is 9656015 prime?
False
Is 299 a composite number?
True
Is 60779 prime?
True
Is 1061 a prime number?
True
Is 14959 a prime number?
False
Is 99445 a composite number?
True
Is 931487 prime?
True
Is 606407 composite?
True
Is 633 prime?
False
Is 144637 composite?
True
Is 317 prime?
True
Is 14339 prime?
False
Is 851 a prime number?
False
Is 312727 composite?
False
Is 11091 a prime number?
False
Is 1801 composite?
False
Is 26327 a composite number?
True
Is 498805 composite?
True
Is 5327 prime?
False
Is 204233 a prime number?
True
Is 38431 prime?
True
Is 38293 prime?
False
Is 23099 a composite number?
False
Is 94181 prime?
False
Is 6689 prime?
True
Is 12381 a prime number?
False
Is 66727 composite?
True
Is 2503 prime?
True
Is 143347 a prime number?
False
Is 318001 a prime number?
True
Is 301267 prime?
True
Is 54337 a composite number?
True
Is 595181 prime?
True
Is 5227 prime?
True
Is 188033 composite?
True
Is 157037 prime?
True
Is 3181 a prime number?
True
Is 217 a composite number?
True
Is 170119 a composite number?
True
Is 67121 a composite number?
False
Is 51449 composite?
False
Is 26534 a composite number?
True
Is 442347 a composite number?
True
Is 160217 a composite number?
False
Is 16301 a composite number?
False
Is 5299 composite?
True
Is 184531 composite?
True
Is 594769 a prime number?
False
Is 11893 composite?
True
Is 51659 a composite number?
False
Is 2437709 composite?
False
Is 5669 composite?
False
Is 10195 prime?
False
Is 26473 a prime number?
False
Is 92423 a prime number?
False
Is 94895 a composite number?
True
Is 19451 a composite number?
True
Is 28383 a prime number?
False
Is 85121 composite?
False
Is 231505 a prime number?
False
Is 397 a composite number?
False
Is 190054 prime?
False
Is 1544633 a prime number?
True
Is 94378 composite?
True
Is 397541 a composite number?
False
Is 8779 a prime number?
True
Is 1852043 composite?
True
Is 25097 a prime number?
True
Is 71629 prime?
False
Is 9863 prime?
False
Is 69243 a prime number?
False
Is 70259 composite?
True
Is 479431 a prime number?
True
Is 3007 a composite number?
True
Is 85327 composite?
True
Is 481 a prime number?
False
Is 4789 prime?
True
Is 166541 composite?
False
Is 3793 a composite number?
False
Is 131993 a prime number?
False
Is 9127 a composite number?
False
Is 5147 a prime number?
True
Is 141745 a composite number?
True
Is 2579 a prime number?
True
Is 110807 a composite number?
False
Is 12979 a prime number?
True
Is 543539 prime?
True
Is 3772031 prime?
True
Is 19529 composite?
True
Is 485359 a prime number?
False
Is 8353 a composite number?
False
Is 2099 prime?
True
Is 50273 a prime number?
True
Is 238141 a prime number?
True
Is 65027 a prime number?
True
Is 47786 prime?
False
Is 1601 a composite number?
False
Is 5638 composite?
True
Is 16595 a composite number?
True
Is 4885 a composite number?
True
Is 533357 prime?
False
Is 62459 a prime number?
True
Is 230491 a composite number?
True
Is 4987 a composite number?
False
Is 112687 a prime number?
True
Is 120947 a composite number?
False
Is 98117 a prime number?
False
Is 61627 a prime number?
True
Is 4621 composite?
False
Is 2081 prime?
True
Is 77657 composite?
True
Is 81667 a prime number?
True
Is 31627 a prime number?
True
Is 24937 composite?
True
Is 606223 a prime number?
True
Is 505 a prime number?
False
Is 7186 a prime number?
False
Is 1502 a prime number?
False
Is 48851 composite?
True
Is 89287 a composite number?
True
Is 72997 a composite number?
False
Is 10079 a composite number?
False
Is 158029 composite?
False
Is 3163 composite?
False
Is 38993 prime?
True
Is 1128731 prime?
True
Is 5458 prime?
False
Is 11378 a composite number?
True
Is 424141 a composite number?
True
Is 8861 a prime number?
True
Is 67255 a composite number?
True
Is 15943 composite?
True
Is 152159 a prime number?
False
Is 15419 a composite number?
True
Is 405811 a prime number?
False
Is 15253 a prime number?
False
Is 1002227 composite?
False
Is 90961 a composite number?
True
Is 55283 a composite number?
True
Is 337 a prime number?
True
Is 846721 composite?
False
Is 45659 a prime number?
True
Is 154523 a composite number?
False
Is 27337 a prime number?
True
Is 82781 a prime number?
True
Is 4481 composite?
False
Is 170531 a composite number?
True
Is 24161 composite?
True
Is 242669 a prime number?
False
Is 960961 a composite number?
False
Is 129939 a prime number?
False
Is 2927 prime?
True
Is 294809 composite?
False
Is 13217 composite?
False
Is 5147 composite?
False
Is 9587 composite?
False
Is 1382551 a prime number?
True
Is 50021 a prime number?
True
Is 922853 composite?
False
Is 268913 a prime number?
True
Is 94895 a prime number?
False
Is 68351 a composite number?
False
Is 123649 a prime number?
False
Is 18731 a prime number?
True
Is 99565 a composite number?
True
Is 371149 prime?
False
Is 154237 composite?
True
Is 1041461 a composite number?
False
Is 1047 a composite number?
True
Is 122387 a prime number?
True
Is 7113 a prime number?
False
Is 12569 a composite number?
False
Is 8561 a composite number?
True
Is 134153 composite?
False
Is 266891 a composite number?
False
Is 4499 a composite number?
True
Is 71663 a composite number?
False
Is 251837 a prime number?
False
Is 5891 prime?
False
Is 702769 a prime number?
False
Is 2554 prime?
False
Is 66201 a prime number?
False
Is 236905 composite?
True
Is 787 prime?
True
Is 30201 a prime number?
False
Is 131587 prime?
False
Is 2329 a prime number?
False
Is 24929 prime?
False
Is 14851 composite?
False
Is 58027 composite?
False
Is 15347 a composite number?
True
Is 2503877 composite?
True
Is 16519 a composite number?
False
Is 1507 composite?
True
Is 937795 prime?
False
Is 2453 a prime number?
False
Is 2939 composite?
False
Is 223867 a prime number?
False
Is 167837 a composite number?
True
Is 102397 a prime number?
True
Is 15107 a composite number?
False
Is 20841 composite?
True
Is 15223 a prime number?
False
Is 83033 prime?
False
Is 2719987 a composite number?
False
Is 6449 composite?
False
Is 1075931 a prime number?
False
Is 504389 composite?
False
Is 13127 a composite number?
False
Is 517 a composite number?
True
Is 126709 a composite number?
True
Is 8803 a prime number?
True
Is 14683 prime?
True
Is 5501 a composite number?
False
Is 271753 a prime number?
True
Is 666493 prime?
True
Is 1008979 prime?
True
Is 19301 a prime number?
True
Is 90109 a composite number?
True
Is 818479 a composite number?
True
Is 164513 composite?
False
Is 24407 a prime number?
True
Is 21809 prime?
False
Is 1389251 a prime number?
True
Is 4195 prime?
False
Is 10583 a composite number?
True
Is 67441 prime?
False
Is 1055251 composite?
False
Is 22733 prime?
False
Is 48437 composite?
False
Is 227131 composite?
False
Is 165379 a composite number?
False
Is 4981 composite?
True
Is 309581 a prime number?
False
Is 20011 composite?
False
Is 1131857 a prime number?
True
Is 388231 a composite number?
False
Is 613 composite?
False
Is 79 prime?
True
Is 277307 a prime number?
False
Is 68369 prime?
False
Is 36973 a prime number?
True
Is 10063 composite?
True
Is 387329 composite?
False
Is 151871 a prime number?
True
Is 40813 a composite number?
False
Is 20473 a prime number?
False
Is 66017 prime?
False
Is 28181 a composite number?
False
Is 2913 composite?
True
Is 27443 composite?
True
Is 133477 prime?
False
Is 1823 a 